{"id":15,"date":"2011-02-16T22:49:16","date_gmt":"2011-02-16T21:49:16","guid":{"rendered":"http:\/\/amc-arnsberg.org\/wordpress\/?page_id=15"},"modified":"2026-08-30T12:52:00","modified_gmt":"2026-08-30T10:52:00","slug":"sportliches","status":"publish","type":"page","link":"https:\/\/www.amc-arnsberg.de\/?page_id=15","title":{"rendered":"Kartgruppe"},"content":{"rendered":"\n<h1 class=\"wp-block-heading\">Jugend-Kartgruppe des AMC Arnsberg<\/h1>\n\n\n\n<p>Du hast Spa\u00df an Motorsport und m\u00f6chtest selbst einmal Kart fahren? Dann komm zur&nbsp;Jugend-Kartgruppe des AMC Arnsberg!<\/p>\n\n\n\n<p>Training:&nbsp;Jeden Samstag um&nbsp;12:30 Uhr<\/p>\n\n\n\n<p>Trainingsort:&nbsp;Gel\u00e4nde der&nbsp;Spedition G\u00f6ssling, H\u00fcttenstra\u00dfe 9, 59759 Arnsberg-H\u00fcsten<\/p>\n\n\n\n<p>Egal, ob du erste Erfahrungen sammeln oder den Kartsport kennenlernen m\u00f6chtest \u2013 neue Interessierte sind herzlich willkommen!<\/p>\n\n\n\n<p>Schnuppertraining:&nbsp;Bei Interesse an einem Schnuppertraining wendet euch bitte an&nbsp;Markus Dluginski. Wir freuen uns auf euch!<\/p>\n\n\n\n<figure class=\"wp-block-image size-large\"><a href=\"https:\/\/amc-arnsberg.de\/wp-content\/uploads\/2026\/08\/IMG_4709-3-scaled.jpeg\"><img loading=\"lazy\" decoding=\"async\" width=\"1024\" height=\"440\" src=\"https:\/\/amc-arnsberg.de\/wp-content\/uploads\/2026\/08\/IMG_4709-3-1024x440.jpeg\" alt=\"\" class=\"wp-image-7845\" srcset=\"https:\/\/www.amc-arnsberg.de\/wp-content\/uploads\/2026\/08\/IMG_4709-3-1024x440.jpeg 1024w, https:\/\/www.amc-arnsberg.de\/wp-content\/uploads\/2026\/08\/IMG_4709-3-300x129.jpeg 300w, https:\/\/www.amc-arnsberg.de\/wp-content\/uploads\/2026\/08\/IMG_4709-3-768x330.jpeg 768w, https:\/\/www.amc-arnsberg.de\/wp-content\/uploads\/2026\/08\/IMG_4709-3-1536x660.jpeg 1536w, https:\/\/www.amc-arnsberg.de\/wp-content\/uploads\/2026\/08\/IMG_4709-3-2048x880.jpeg 2048w\" sizes=\"auto, (max-width: 767px) 89vw, (max-width: 1000px) 54vw, (max-width: 1071px) 543px, 580px\" \/><\/a><\/figure>\n\n\n\n<figure class=\"wp-block-image size-large\"><a href=\"https:\/\/amc-arnsberg.de\/wp-content\/uploads\/2026\/08\/a539f90b-387a-4c5c-828e-cc5010ecab98-1.jpeg\"><img loading=\"lazy\" decoding=\"async\" width=\"1024\" height=\"645\" src=\"https:\/\/amc-arnsberg.de\/wp-content\/uploads\/2026\/08\/a539f90b-387a-4c5c-828e-cc5010ecab98-1-1024x645.jpeg\" alt=\"\" class=\"wp-image-7843\" srcset=\"https:\/\/www.amc-arnsberg.de\/wp-content\/uploads\/2026\/08\/a539f90b-387a-4c5c-828e-cc5010ecab98-1-1024x645.jpeg 1024w, https:\/\/www.amc-arnsberg.de\/wp-content\/uploads\/2026\/08\/a539f90b-387a-4c5c-828e-cc5010ecab98-1-300x189.jpeg 300w, https:\/\/www.amc-arnsberg.de\/wp-content\/uploads\/2026\/08\/a539f90b-387a-4c5c-828e-cc5010ecab98-1-768x483.jpeg 768w, https:\/\/www.amc-arnsberg.de\/wp-content\/uploads\/2026\/08\/a539f90b-387a-4c5c-828e-cc5010ecab98-1-1536x967.jpeg 1536w, https:\/\/www.amc-arnsberg.de\/wp-content\/uploads\/2026\/08\/a539f90b-387a-4c5c-828e-cc5010ecab98-1.jpeg 1835w\" sizes=\"auto, (max-width: 767px) 89vw, (max-width: 1000px) 54vw, (max-width: 1071px) 543px, 580px\" \/><\/a><\/figure>\n\n\n<p>Bei Fragen wendet euch an unseren Jugendleiter Markus.<\/p>\n<p><strong>Kontaktdaten:<\/strong><\/p>\n<p>Markus Dluginski<br \/>Arnsbegerstr. 29c<br \/>59759 Arnsberg<br \/>Tel.: 016094580506<\/p>\n\n\n<p><strong>Kartgruppe des AMC-Arnsberg auf dem H\u00fcstener Herbst 2025<\/strong><\/p>\n\n\n\n<p class=\"has-drop-cap\">Die Kartgruppe des AMC Arnsberg pr\u00e4sentierte sich unter Leitung von Markus Dluginski am 12.10.2025 auf dem H\u00fcstener Herbst. Weitere Informationen k\u00f6nnen dem nachfolgenden Zeitungsartikel aus dem Sauerlandkurier  entnommen werden.<\/p>\n\n\n\n<div data-wp-interactive=\"core\/file\" class=\"wp-block-file\"><object data-wp-bind--hidden=\"!state.hasPdfPreview\" hidden class=\"wp-block-file__embed\" data=\"https:\/\/www.amc-arnsberg.de\/wp-content\/uploads\/2025\/10\/Huestener-Herbst-Jugend.pdf\" type=\"application\/pdf\" style=\"width:100%;height:600px\" aria-label=\"Einbettung von H\u00fcstener Herbst Jugend.\"><\/object><a id=\"wp-block-file--media-f37d7ca4-bfda-425c-9482-b5d4c35d32a9\" href=\"https:\/\/www.amc-arnsberg.de\/wp-content\/uploads\/2025\/10\/Huestener-Herbst-Jugend.pdf\">H\u00fcstener Herbst Jugend<\/a><a href=\"https:\/\/www.amc-arnsberg.de\/wp-content\/uploads\/2025\/10\/Huestener-Herbst-Jugend.pdf\" class=\"wp-block-file__button wp-element-button\" download aria-describedby=\"wp-block-file--media-f37d7ca4-bfda-425c-9482-b5d4c35d32a9\">Herunterladen<\/a><\/div>\n\n\n\n<p>Auch aus Sicht des AMC war diese Pr\u00e4sentation ein voller Erfolg!<\/p>\n","protected":false},"excerpt":{"rendered":"<p>Jugend-Kartgruppe des AMC Arnsberg Du hast Spa\u00df an Motorsport und m\u00f6chtest selbst einmal Kart fahren? Dann komm zur&nbsp;Jugend-Kartgruppe des AMC Arnsberg! Training:&nbsp;Jeden Samstag um&nbsp;12:30 Uhr Trainingsort:&nbsp;Gel\u00e4nde der&nbsp;Spedition G\u00f6ssling, H\u00fcttenstra\u00dfe 9, 59759 Arnsberg-H\u00fcsten Egal, ob du erste Erfahrungen sammeln oder den Kartsport kennenlernen m\u00f6chtest \u2013 neue Interessierte sind herzlich willkommen! Schnuppertraining:&nbsp;Bei Interesse an einem Schnuppertraining wendet &hellip; <\/p>\n<p class=\"link-more\"><a href=\"https:\/\/www.amc-arnsberg.de\/?page_id=15\" class=\"more-link\"><span class=\"screen-reader-text\">\u201eKartgruppe\u201c<\/span> weiterlesen<\/a><\/p>\n","protected":false},"author":2,"featured_media":0,"parent":0,"menu_order":2,"comment_status":"closed","ping_status":"closed","template":"","meta":{"footnotes":""},"class_list":["post-15","page","type-page","status-publish","hentry"],"_links":{"self":[{"href":"https:\/\/www.amc-arnsberg.de\/index.php?rest_route=\/wp\/v2\/pages\/15","targetHints":{"allow":["GET"]}}],"collection":[{"href":"https:\/\/www.amc-arnsberg.de\/index.php?rest_route=\/wp\/v2\/pages"}],"about":[{"href":"https:\/\/www.amc-arnsberg.de\/index.php?rest_route=\/wp\/v2\/types\/page"}],"author":[{"embeddable":true,"href":"https:\/\/www.amc-arnsberg.de\/index.php?rest_route=\/wp\/v2\/users\/2"}],"replies":[{"embeddable":true,"href":"https:\/\/www.amc-arnsberg.de\/index.php?rest_route=%2Fwp%2Fv2%2Fcomments&post=15"}],"version-history":[{"count":18,"href":"https:\/\/www.amc-arnsberg.de\/index.php?rest_route=\/wp\/v2\/pages\/15\/revisions"}],"predecessor-version":[{"id":7846,"href":"https:\/\/www.amc-arnsberg.de\/index.php?rest_route=\/wp\/v2\/pages\/15\/revisions\/7846"}],"wp:attachment":[{"href":"https:\/\/www.amc-arnsberg.de\/index.php?rest_route=%2Fwp%2Fv2%2Fmedia&parent=15"}],"curies":[{"name":"wp","href":"https:\/\/api.w.org\/{rel}","templated":true}]}}

<h1 class="wp-block-heading">Jugend-Kartgruppe des AMC Arnsberg</h1>



<p>Du hast Spaß an Motorsport und möchtest selbst einmal Kart fahren? Dann komm zur&nbsp;Jugend-Kartgruppe des AMC Arnsberg!</p>



<p>Training:&nbsp;Jeden Samstag um&nbsp;12:30 Uhr</p>



<p>Trainingsort:&nbsp;Gelände der&nbsp;Spedition Gössling, Hüttenstraße 9, 59759 Arnsberg-Hüsten</p>



<p>Egal, ob du erste Erfahrungen sammeln oder den Kartsport kennenlernen möchtest – neue Interessierte sind herzlich willkommen!</p>



<p>Schnuppertraining:&nbsp;Bei Interesse an einem Schnuppertraining wendet euch bitte an&nbsp;Markus Dluginski. Wir freuen uns auf euch!</p>



<figure class="wp-block-image size-large"><a href="https://amc-arnsberg.de/wp-content/uploads/2026/08/IMG_4709-3-scaled.jpeg"><img loading="lazy" decoding="async" width="1024" height="440" src="https://amc-arnsberg.de/wp-content/uploads/2026/08/IMG_4709-3-1024x440.jpeg" alt="" class="wp-image-7845" srcset="https://www.amc-arnsberg.de/wp-content/uploads/2026/08/IMG_4709-3-1024x440.jpeg 1024w, https://www.amc-arnsberg.de/wp-content/uploads/2026/08/IMG_4709-3-300x129.jpeg 300w, https://www.amc-arnsberg.de/wp-content/uploads/2026/08/IMG_4709-3-768x330.jpeg 768w, https://www.amc-arnsberg.de/wp-content/uploads/2026/08/IMG_4709-3-1536x660.jpeg 1536w, https://www.amc-arnsberg.de/wp-content/uploads/2026/08/IMG_4709-3-2048x880.jpeg 2048w" sizes="auto, (max-width: 767px) 89vw, (max-width: 1000px) 54vw, (max-width: 1071px) 543px, 580px" /></a></figure>



<figure class="wp-block-image size-large"><a href="https://amc-arnsberg.de/wp-content/uploads/2026/08/a539f90b-387a-4c5c-828e-cc5010ecab98-1.jpeg"><img loading="lazy" decoding="async" width="1024" height="645" src="https://amc-arnsberg.de/wp-content/uploads/2026/08/a539f90b-387a-4c5c-828e-cc5010ecab98-1-1024x645.jpeg" alt="" class="wp-image-7843" srcset="https://www.amc-arnsberg.de/wp-content/uploads/2026/08/a539f90b-387a-4c5c-828e-cc5010ecab98-1-1024x645.jpeg 1024w, https://www.amc-arnsberg.de/wp-content/uploads/2026/08/a539f90b-387a-4c5c-828e-cc5010ecab98-1-300x189.jpeg 300w, https://www.amc-arnsberg.de/wp-content/uploads/2026/08/a539f90b-387a-4c5c-828e-cc5010ecab98-1-768x483.jpeg 768w, https://www.amc-arnsberg.de/wp-content/uploads/2026/08/a539f90b-387a-4c5c-828e-cc5010ecab98-1-1536x967.jpeg 1536w, https://www.amc-arnsberg.de/wp-content/uploads/2026/08/a539f90b-387a-4c5c-828e-cc5010ecab98-1.jpeg 1835w" sizes="auto, (max-width: 767px) 89vw, (max-width: 1000px) 54vw, (max-width: 1071px) 543px, 580px" /></a></figure>


<p>Bei Fragen wendet euch an unseren Jugendleiter Markus.</p>
<p><strong>Kontaktdaten:</strong></p>
<p>Markus Dluginski<br />Arnsbegerstr. 29c<br />59759 Arnsberg<br />Tel.: 016094580506</p>


<p><strong>Kartgruppe des AMC-Arnsberg auf dem Hüstener Herbst 2025</strong></p>



<p class="has-drop-cap">Die Kartgruppe des AMC Arnsberg präsentierte sich unter Leitung von Markus Dluginski am 12.10.2025 auf dem Hüstener Herbst. Weitere Informationen können dem nachfolgenden Zeitungsartikel aus dem Sauerlandkurier  entnommen werden.</p>



<div data-wp-interactive="core/file" class="wp-block-file"><object data-wp-bind--hidden="!state.hasPdfPreview" hidden class="wp-block-file__embed" data="https://www.amc-arnsberg.de/wp-content/uploads/2025/10/Huestener-Herbst-Jugend.pdf" type="application/pdf" style="width:100%;height:600px" aria-label="Einbettung von Hüstener Herbst Jugend."></object><a id="wp-block-file--media-f37d7ca4-bfda-425c-9482-b5d4c35d32a9" href="https://www.amc-arnsberg.de/wp-content/uploads/2025/10/Huestener-Herbst-Jugend.pdf">Hüstener Herbst Jugend</a><a href="https://www.amc-arnsberg.de/wp-content/uploads/2025/10/Huestener-Herbst-Jugend.pdf" class="wp-block-file__button wp-element-button" download aria-describedby="wp-block-file--media-f37d7ca4-bfda-425c-9482-b5d4c35d32a9">Herunterladen</a></div>



<p>Auch aus Sicht des AMC war diese Präsentation ein voller Erfolg!</p>

<p>Jugend-Kartgruppe des AMC Arnsberg Du hast Spaß an Motorsport und möchtest selbst einmal Kart fahren? Dann komm zur&nbsp;Jugend-Kartgruppe des AMC Arnsberg! Training:&nbsp;Jeden Samstag um&nbsp;12:30 Uhr Trainingsort:&nbsp;Gelände der&nbsp;Spedition Gössling, Hüttenstraße 9, 59759 Arnsberg-Hüsten Egal, ob du erste Erfahrungen sammeln oder den Kartsport kennenlernen möchtest – neue Interessierte sind herzlich willkommen! Schnuppertraining:&nbsp;Bei Interesse an einem Schnuppertraining wendet &hellip; </p>
<p class="link-more"><a href="https://www.amc-arnsberg.de/?page_id=15" class="more-link"><span class="screen-reader-text">„Kartgruppe“</span> weiterlesen</a></p>
