{"id":2151,"date":"2017-12-15T12:40:52","date_gmt":"2017-12-15T11:40:52","guid":{"rendered":"http:\/\/amc-arnsberg.org\/?page_id=2151"},"modified":"2018-08-26T11:43:18","modified_gmt":"2018-08-26T10:43:18","slug":"arnsberger-klassik-2017-2","status":"publish","type":"page","link":"https:\/\/www.amc-arnsberg.de\/?page_id=2151","title":{"rendered":"Arnsberger Klassik 2018"},"content":{"rendered":"<p><em><strong>26. Arnsberger ADAC Klassik\u00a0am <span style=\"color: #ff0000;\">25.08.2018<\/span><\/strong><\/em><\/p>\n<p><em>Zwei Seen und m\u00e4rkisches Sauerland<\/em><\/p>\n<p>Der Automobil- und Motorradclub Arnsberg e.V. im ADAC veranstaltet am 25. August 2018 zum 26. Mal die Arnsberger ADAC Klassik.<br \/>Die Arnsberger ADAC Klassik dient nicht zur Erzielung von H\u00f6chstgeschwindigkeiten. Sie unterstreicht den Wert klassischer Automobile als Kulturgegenstand. Startberechtigt sind <strong>PKW bis zum Baujahr 1985<\/strong> und <strong>Youngtimer von Baujahr 1986 bis 1990<\/strong>, deren Lenker im Besitz einer g\u00fcltigen Fahrerlaubnis sind. Lizenzen sind aber nicht erforderlich.<\/p>\n<p>Die Veranstaltung ist wahlweise eine sportliche oder touristische Oldtimerfahrt mit historischen Fahrzeugen \u00fcber \u00f6ffentliche Stra\u00dfen in landschaftlich reizvoller Gegend.<\/p>\n<p>Die genaue Fahrtroute finden die Teilnehmer im Bordbuch beschrieben, das mit den \u00fcbrigen Fahrtunterlagen vor dem Start ausgeh\u00e4ndigt wird.<\/p>\n<p>Die Streckenf\u00fchrung verl\u00e4uft fast ausschlie\u00dflich \u00fcber qualifizierte Stra\u00dfen. Die Fahrt ist aufgeteilt in zwei Etappen, die durch eine Mittagspause getrennt sind. Die Einhaltung der Fahrtstrecke wird durch Zeit-, Durchgangs- und unbesetzte Kontrollen \u00fcberwacht.<\/p>\n<p>Einen detaillierten \u00dcberblick \u00fcber die Veranstaltung bietet die Ausschreibung zur 26. Arnsberger ADAC Klassik &#8222;<em>Zwei Seen und m\u00e4rkisches Sauerland&#8220;<\/em>\u00a0mit allen wichtigen Informationen:<\/p>\n<p><a href=\"http:\/\/amc-arnsberg.org\/wp-content\/uploads\/2017\/12\/kl18_ausschreibung_v1.pdf\">Ausschreibung 26. Arnsberger ADAC Klassik<\/a><\/p>\n\n\n<div class=\"wp-block-file\"><a href=\"http:\/\/amc-arnsberg.org\/wp-content\/uploads\/2018\/08\/ArnsbergerKlassik2018_GesamtWertung.pdf\" target=\"_blank\" rel=\"noreferrer noopener\">26. Arnsberger Klassik 2018_Gesamtwertung<\/a><\/div>\n","protected":false},"excerpt":{"rendered":"<p>26. Arnsberger ADAC Klassik\u00a0am 25.08.2018 Zwei Seen und m\u00e4rkisches Sauerland Der Automobil- und Motorradclub Arnsberg e.V. im ADAC veranstaltet am 25. August 2018 zum 26. Mal die Arnsberger ADAC Klassik.Die Arnsberger ADAC Klassik dient nicht zur Erzielung von H\u00f6chstgeschwindigkeiten. Sie unterstreicht den Wert klassischer Automobile als Kulturgegenstand. Startberechtigt sind PKW bis zum Baujahr 1985 und &hellip; <\/p>\n<p class=\"link-more\"><a href=\"https:\/\/www.amc-arnsberg.de\/?page_id=2151\" class=\"more-link\"><span class=\"screen-reader-text\">\u201eArnsberger Klassik 2018\u201c<\/span> weiterlesen<\/a><\/p>\n","protected":false},"author":5,"featured_media":0,"parent":17,"menu_order":1,"comment_status":"open","ping_status":"open","template":"","meta":{"footnotes":""},"class_list":["post-2151","page","type-page","status-publish","hentry"],"_links":{"self":[{"href":"https:\/\/www.amc-arnsberg.de\/index.php?rest_route=\/wp\/v2\/pages\/2151","targetHints":{"allow":["GET"]}}],"collection":[{"href":"https:\/\/www.amc-arnsberg.de\/index.php?rest_route=\/wp\/v2\/pages"}],"about":[{"href":"https:\/\/www.amc-arnsberg.de\/index.php?rest_route=\/wp\/v2\/types\/page"}],"author":[{"embeddable":true,"href":"https:\/\/www.amc-arnsberg.de\/index.php?rest_route=\/wp\/v2\/users\/5"}],"replies":[{"embeddable":true,"href":"https:\/\/www.amc-arnsberg.de\/index.php?rest_route=%2Fwp%2Fv2%2Fcomments&post=2151"}],"version-history":[{"count":8,"href":"https:\/\/www.amc-arnsberg.de\/index.php?rest_route=\/wp\/v2\/pages\/2151\/revisions"}],"predecessor-version":[{"id":2842,"href":"https:\/\/www.amc-arnsberg.de\/index.php?rest_route=\/wp\/v2\/pages\/2151\/revisions\/2842"}],"up":[{"embeddable":true,"href":"https:\/\/www.amc-arnsberg.de\/index.php?rest_route=\/wp\/v2\/pages\/17"}],"wp:attachment":[{"href":"https:\/\/www.amc-arnsberg.de\/index.php?rest_route=%2Fwp%2Fv2%2Fmedia&parent=2151"}],"curies":[{"name":"wp","href":"https:\/\/api.w.org\/{rel}","templated":true}]}}