{"id":789,"date":"2013-05-16T12:32:21","date_gmt":"2013-05-16T10:32:21","guid":{"rendered":"http:\/\/amc-arnsberg.org\/?page_id=789"},"modified":"2023-12-25T15:57:08","modified_gmt":"2023-12-25T14:57:08","slug":"1-arnsberger-cabrioausfahrt","status":"publish","type":"page","link":"https:\/\/www.amc-arnsberg.de\/?page_id=789","title":{"rendered":"Arnsberger Cabrio-Ausfahrten"},"content":{"rendered":"<ul class=\"wp-block-latest-posts__list wp-block-latest-posts\"><li><a class=\"wp-block-latest-posts__post-title\" href=\"https:\/\/www.amc-arnsberg.de\/?p=7755\">14. Arnsberger Cabrio-Ausfahrt am 10.05.2026<\/a><div class=\"wp-block-latest-posts__post-excerpt\">Touristische Fr\u00fchlingsausfahrt Der AMC Arnsberg veranstaltet am Sonntag, den 10.05.2025, seine diesj\u00e4hrige Cabrio-Ausfahrt. Gestartet wird diesmal um 13:30 Uhr auf dem Parkplatz des Hammer Fachmarktes (Kohlgrubenweg 2 in Arnsberg\/Bruchhausen). Fahrtleiter Udo und Patrick Sroka freuen sich aufs Cabrio Wetter und gut gelaunte Teilnehmer! Anmeldungen an udo.sroka@t-online.de senden. Bitte das Fahrzeug und evtl. die Mitgliedschaft mit angeben. Die Startgeb\u00fchr betr\u00e4gt 15\u20ac. Diese Ausfahrt ist ein guter Einstieg in die Saison und &hellip; <p class=\"link-more\"><a href=\"https:\/\/www.amc-arnsberg.de\/?p=7755\" class=\"more-link\"><span class=\"screen-reader-text\">\u201e14. Arnsberger Cabrio-Ausfahrt am 10.05.2026\u201c<\/span> weiterlesen<\/a><\/p><\/div><\/li>\n<li><a class=\"wp-block-latest-posts__post-title\" href=\"https:\/\/www.amc-arnsberg.de\/?p=7472\">13. Arnsberger Cabrio-Ausfahrt &#8211; Ergebnisse<\/a><div class=\"wp-block-latest-posts__post-excerpt\">Am Sonntag den 25.05.2025 wurde die Cabriofahrt bei Regen am Hammer Fachmarkt in Bruchhausen gestartet. Wetterbedingt konnten wir leider nur 13 von 21 gemeldeten Fahrzeugen auf die 80km Tour schicken. Vom Start ging es \u00fcber Niedereimer nach Arnsberg \u00fcber den Galgenberg bis zur B229. Anschlie\u00dfend nach Karte \u00fcber die Bundesstra\u00dfe 229 zum 1. Parkplatz zur Wertungspr\u00fcfung WP 1. Bei der Wertungspr\u00fcfung WP1 musste ein Reaktionstest gemacht werden. Weiter ging es &hellip; <p class=\"link-more\"><a href=\"https:\/\/www.amc-arnsberg.de\/?p=7472\" class=\"more-link\"><span class=\"screen-reader-text\">\u201e13. Arnsberger Cabrio-Ausfahrt &#8211; Ergebnisse\u201c<\/span> weiterlesen<\/a><\/p><\/div><\/li>\n<li><a class=\"wp-block-latest-posts__post-title\" href=\"https:\/\/www.amc-arnsberg.de\/?p=7311\">13. Arnsberger Cabrio-Ausfahrt am 25.05.2025<\/a><div class=\"wp-block-latest-posts__post-excerpt\">Touristische Fr\u00fchlingsausfahrt Der AMC Arnsberg veranstaltet am Sonntag, den 25.05.2025, seine diesj\u00e4hrige Cabrio-Ausfahrt. Gestartet wird diesmal um 14 Uhr auf dem Parkplatz des Hammer Fachmarktes (Kohlgrubenweg 2 in Arnsberg\/Bruchhausen). Mit Hilfe des Bordbuches f\u00fchrt die Strecke durchs Sauerland, \u00fcber die Soester B\u00f6rde und zur\u00fcck. Die Siegerehrung mit der Verleihung der Pokale findet in der Dorfsch\u00e4nke K\u00f6rner statt. Fahrtleiter Udo und Patrick Sroka freuen sich aufs Cabrio Wetter und gut gelaunte &hellip; <p class=\"link-more\"><a href=\"https:\/\/www.amc-arnsberg.de\/?p=7311\" class=\"more-link\"><span class=\"screen-reader-text\">\u201e13. Arnsberger Cabrio-Ausfahrt am 25.05.2025\u201c<\/span> weiterlesen<\/a><\/p><\/div><\/li>\n<li><a class=\"wp-block-latest-posts__post-title\" href=\"https:\/\/www.amc-arnsberg.de\/?p=6634\">12. Arnsberger Cabrio-Ausfahrt am 26.05.2024<\/a><div class=\"wp-block-latest-posts__post-excerpt\">Touristische Fr\u00fchlingsausfahrt Der AMC Arnsberg veranstaltet am Sonntag, den 26.05.2024 ,seine diesj\u00e4hrige Cabrio-Ausfahrt. Gestartet wird wie letztes Mal um 14:00 Uhr am Clublokal der Dorfsch\u00e4nke K\u00f6rner. Mit Hilfe des Bordbuches f\u00fchrt die Strecke durchs Sauerland, \u00fcber die Soester B\u00f6rde und zur\u00fcck. Die Siegerehrung mit der Verleihung der Pokale findet in der Dorfsch\u00e4nke K\u00f6rner statt. Fahrtleiter Udo und Patrick Sroka freuen sich aufs Cabrio Wetter und gut gelaunte Teilnehmer! Anmeldungen an &hellip; <p class=\"link-more\"><a href=\"https:\/\/www.amc-arnsberg.de\/?p=6634\" class=\"more-link\"><span class=\"screen-reader-text\">\u201e12. Arnsberger Cabrio-Ausfahrt am 26.05.2024\u201c<\/span> weiterlesen<\/a><\/p><\/div><\/li>\n<li><a class=\"wp-block-latest-posts__post-title\" href=\"https:\/\/www.amc-arnsberg.de\/?p=6252\">11. Arnsberger Cabrio-Ausfahrt am 14.05.2023<\/a><div class=\"wp-block-latest-posts__post-excerpt\">Touristische Ausfahrt durchs Sauerland Der AMC Arnsberg veranstaltet am Sonntag, den 14.05.2023 seine diesj\u00e4hrige Cabrio-Ausfahrt. Gestartet wird um 14.00 Uhr am Vereinslokal des AMC der Dorfsch\u00e4nke K\u00f6rner. Mit Hilfe des Bordbuches f\u00fchrt die Strecke ins sch\u00f6ne Sauerland. Die Siegerehrung mit der Verleihung von Pokalen und Erinnerungsplaketten findet in der Dorfsch\u00e4nke K\u00f6rner statt. Fahrtleiter Udo und Patrick Sroka freuen sich auf Cabrio &#8211; Wetter und viele gut gelaunte Teilnehmer. Anmeldung an &hellip; <p class=\"link-more\"><a href=\"https:\/\/www.amc-arnsberg.de\/?p=6252\" class=\"more-link\"><span class=\"screen-reader-text\">\u201e11. Arnsberger Cabrio-Ausfahrt am 14.05.2023\u201c<\/span> weiterlesen<\/a><\/p><\/div><\/li>\n<li><a class=\"wp-block-latest-posts__post-title\" href=\"https:\/\/www.amc-arnsberg.de\/?p=5113\">09. Arnsberger Cabrio-Ausfahrt am 27.06.2021<\/a><div class=\"wp-block-latest-posts__post-excerpt\">Der AMC Arnsberg veranstaltet am Sonntag, den 27.06.2021 seine diesj\u00e4hrige Cabrio-Ausfahrt. Gestartet wird um 14.00 Uhr am Sauerlandtheater (Feauxweg). Mit Hilfe des Bordbuches f\u00fchrt die Strecke ins m\u00e4rkische Sauerland und zum Sorpesse. W\u00e4hrend der Veranstaltung werden die aktuell g\u00fcltigen Corona Regeln beachtet. Fahrtleiter Heinz Schulte-Hobein freut sich auf Cabriowetter und viele gut gelaunte Teilnehmer. Alerdings sind Corona bedingt nur 15 startene Fahrzeuge zugelassen. Nachbericht P\u00fcnktlich um 14:00 Uhr startete der &hellip; <p class=\"link-more\"><a href=\"https:\/\/www.amc-arnsberg.de\/?p=5113\" class=\"more-link\"><span class=\"screen-reader-text\">\u201e09. Arnsberger Cabrio-Ausfahrt am 27.06.2021\u201c<\/span> weiterlesen<\/a><\/p><\/div><\/li>\n<li><a class=\"wp-block-latest-posts__post-title\" href=\"https:\/\/www.amc-arnsberg.de\/?p=4866\">Ergebnisse Cabrio-Ausfahrt und Kronenbergfahrt 28.06.2020<\/a><div class=\"wp-block-latest-posts__post-excerpt\">Die Ergebnisse f\u00fcr die am 28.06.2020 stattgefundenen Cabrio-Ausfahrt und Kronenbergfahrt k\u00f6nnen hier abgerufen werden:<\/div><\/li>\n<li><a class=\"wp-block-latest-posts__post-title\" href=\"https:\/\/www.amc-arnsberg.de\/?p=2453\">Cabrios gehen am 13.05.2018 auf Tour<\/a><div class=\"wp-block-latest-posts__post-excerpt\">AMC Arnsberg veranstaltet am 13.05.2018 seine 6. Arnsberger Cabrio-Fr\u00fchlingsfahrt Nach den gro\u00dfen Erfolgen in den letzten Jahren veranstaltet der AMC am Sonntag, 13. Mai seine inzwischen sechste Ausfahrt f\u00fcr Cabrios. Diese Ausfahrt zum Fr\u00fchlingsbeginn richtet sich an Fahrer von offenen klassischen als auch aktuellen Automobilen Gestartet wird in diesem Jahr um 14:00 Uhr in Arnsberg am Hirschberger Tor am Ende der Klosterstra\u00dfe. Mit Hilfe eines Bordbuchs mit einer sehr einfachen &hellip; <p class=\"link-more\"><a href=\"https:\/\/www.amc-arnsberg.de\/?p=2453\" class=\"more-link\"><span class=\"screen-reader-text\">\u201eCabrios gehen am 13.05.2018 auf Tour\u201c<\/span> weiterlesen<\/a><\/p><\/div><\/li>\n<li><a class=\"wp-block-latest-posts__post-title\" href=\"https:\/\/www.amc-arnsberg.de\/?p=1971\">Cabrioausfahrt mit vielen Teilnehmern war ein gro\u00dfer Erfolg<\/a><div class=\"wp-block-latest-posts__post-excerpt\">24 Cabrios starteten am 21.05.2017 vom Hirschberger Tor ins Sauerland. Bei allersch\u00f6nstem Cabriowetter f\u00fchrte die Strecke \u00fcber Hellefeld, Altenhellefeld, \u00a0Grevenstein nach Meinkenbracht. Weiter ging es \u00fcber Kuckuck, R\u00f6hrentspring, Linnepe und zur\u00fcck nach Arnsberg zur abschlie\u00dfenden Siegerehrung im Clublokal Dorfsch\u00e4nke K\u00f6rner. Alle Teilnehmer, auch die Anf\u00e4nger, \u00e4u\u00dferten sich begeistert \u00fcber den sch\u00f6nen Streckenverlauf und die gute Organisation. &#8222;So lernt man unser sch\u00f6nes Sauerland kennen&#8220;. Die ersten drei Pl\u00e4tze belegten: 1. Torsten &hellip; <p class=\"link-more\"><a href=\"https:\/\/www.amc-arnsberg.de\/?p=1971\" class=\"more-link\"><span class=\"screen-reader-text\">\u201eCabrioausfahrt mit vielen Teilnehmern war ein gro\u00dfer Erfolg\u201c<\/span> weiterlesen<\/a><\/p><\/div><\/li>\n<li><a class=\"wp-block-latest-posts__post-title\" href=\"https:\/\/www.amc-arnsberg.de\/?p=1933\">Cabrioausfahrt des AMC am 21.05.2017<\/a><div class=\"wp-block-latest-posts__post-excerpt\">Die 4. Cabrioausfahrt des AMC Arnsberg findet am 21.05.2017 statt. Gestartet wird nach einer kurzen Fahrerbesprechung um 14:00 Uhr am Hirschberger Tor in Arnsberg Klosterstra\u00dfe. Das Bordbuch f\u00fchrt die Teilnehmer in diesem Jahr ins landschaftlich sehr sch\u00f6ne &#8222;Alte Testament&#8220;. Teilnehmen k\u00f6nnen alle Fahrer von aktuellen oder klassischen offenen Fahrzeugen. Ela Goretzki und Heinz Schulte-Hobein freuen sich \u00fcber viele Anmeldungen unter heinz.schulte-hobein@gmx.de oder 01722016414. Nach dem Eingang der Anmeldungen werden an &hellip; <p class=\"link-more\"><a href=\"https:\/\/www.amc-arnsberg.de\/?p=1933\" class=\"more-link\"><span class=\"screen-reader-text\">\u201eCabrioausfahrt des AMC am 21.05.2017\u201c<\/span> weiterlesen<\/a><\/p><\/div><\/li>\n<li><a class=\"wp-block-latest-posts__post-title\" href=\"https:\/\/www.amc-arnsberg.de\/?p=1841\">Cabrioausfahrt des AMC war ein gro\u00dfer Erfolg<\/a><div class=\"wp-block-latest-posts__post-excerpt\">Letzten Sonntag schickte der AMC schon zum vierten Mal Liebhaber offener Fahrzeuge auf eine Tour durchs Sauerland. \u00c3\u0153ber 30 Teilnehmer wurden von Fahrtleiter Heinz Schulte-Hobein von Arnsbergs \u00e2\u20ac\u017eGuter Stube\u00e2\u20ac\u0153 aus auf den Weg Richtung Sauerland geschickt. Bei richtigem Cabrio Wetter f\u00fchrte die Strecke \u00fcber Herdringen, Dreisborn, Asbeck, Eisborn nach Mellen. Zur\u00fcck ging es dann weiter landschaftlich reizvoll entlang des Sorpesees. Orientieren mussten sich die Teilnehmer mit Hilfe eines detailliert ausgearbeiteten &hellip; <p class=\"link-more\"><a href=\"https:\/\/www.amc-arnsberg.de\/?p=1841\" class=\"more-link\"><span class=\"screen-reader-text\">\u201eCabrioausfahrt des AMC war ein gro\u00dfer Erfolg\u201c<\/span> weiterlesen<\/a><\/p><\/div><\/li>\n<li><a class=\"wp-block-latest-posts__post-title\" href=\"https:\/\/www.amc-arnsberg.de\/?p=1783\">4. AMC Cabrio-Fr\u00fchjahrsfahrt am 22.05.2016<\/a><div class=\"wp-block-latest-posts__post-excerpt\">Schon zum 4. Mal schickt der AMC am 22.05.2016 Liebhaber offener Fahrzeuge auf eine Tour durchs Sauerland. Diese Ausfahrt richtet sich an Fahrer von offenen klassischen als auch aktuellen Automobilen. Gestartet wird an diesem Sonntag auf dem Alten Markt unterhalb des Glockenturms. Mit Hilfe einer sehr einfachen Streckenbeschreibung geht es von dort Richtung m\u00e4rkisches Sauerland. Die Fahrtleitung hat eine landschaftlich reizvolle Strecke von ca. 60 km L\u00e4nge f\u00fcr Euch ausgearbeitet, &hellip; <p class=\"link-more\"><a href=\"https:\/\/www.amc-arnsberg.de\/?p=1783\" class=\"more-link\"><span class=\"screen-reader-text\">\u201e4. AMC Cabrio-Fr\u00fchjahrsfahrt am 22.05.2016\u201c<\/span> weiterlesen<\/a><\/p><\/div><\/li>\n<li><a class=\"wp-block-latest-posts__post-title\" href=\"https:\/\/www.amc-arnsberg.de\/?p=1435\">3. Arnsberger Cabrio-Ausfahrt am 10.05.2015<\/a><div class=\"wp-block-latest-posts__post-excerpt\">Nach dem gro\u00dfen Erfolg in den letzten beiden Jahren veranstaltet der AMC am 10.05.2015 die dritte Ausfahrt f\u00fcr Cabrios. Diese Ausfahrt richtet sich an Fahrer von offenen klassischen als auch aktuellen Automobilen. Gestartet wird an diesem Sonntag auf dem Alten Markt unterhalb des Glockenturms. Mit Hilfe einer sehr einfachen Streckenbeschreibung geht es von dort Richtung M\u00f6hnesee.\u00c2\u00a0 Die Fahrtleitung hat eine landschaftlich reizvolle Strecke von 60 km L\u00e4nge f\u00fcr Euch ausgearbeitet, &hellip; <p class=\"link-more\"><a href=\"https:\/\/www.amc-arnsberg.de\/?p=1435\" class=\"more-link\"><span class=\"screen-reader-text\">\u201e3. Arnsberger Cabrio-Ausfahrt am 10.05.2015\u201c<\/span> weiterlesen<\/a><\/p><\/div><\/li>\n<li><a class=\"wp-block-latest-posts__post-title\" href=\"https:\/\/www.amc-arnsberg.de\/?p=1075\">2. Cabrioausfahrt des AMC am 11.05.2014<\/a><div class=\"wp-block-latest-posts__post-excerpt\">Nach dem gro\u00dfen Erfolg im letzten Jahr veranstaltet der AMC\u00c2\u00a0am 11.05.2014 die zweite\u00c2\u00a0 Ausfahrt f\u00fcr Cabrios. Diese Ausfahrt richtet sich an Fahrer von\u00c2\u00a0offenen klassischen als auch aktuellen Automobilen. Gestartet wird an diesem Sonntag in Arnsberg auf dem Parkplatz vor dem Sauerlandtheater (Feauxweg) um 14:00 Uhr. Mit Hilfe einer sehr einfachen Streckenbeschreibung geht es von dort ins &#8222;Alte Testament&#8220;. Fahrtleiter Heinz Schulte-Hobein hat eine landschaftlich reizvolle Strecke von 60 km L\u00e4nge\u00c2\u00a0 &hellip; <p class=\"link-more\"><a href=\"https:\/\/www.amc-arnsberg.de\/?p=1075\" class=\"more-link\"><span class=\"screen-reader-text\">\u201e2. Cabrioausfahrt des AMC am 11.05.2014\u201c<\/span> weiterlesen<\/a><\/p><\/div><\/li>\n<li><a class=\"wp-block-latest-posts__post-title\" href=\"https:\/\/www.amc-arnsberg.de\/?p=6624\">01. Arnsberger Cabrio-Ausfahrt am 05.05.2013<\/a><div class=\"wp-block-latest-posts__post-excerpt\">Der AMC veranstaltete am 05.05.2013&nbsp;erstmals eine Ausfahrt f\u00fcr Cabrios. Insgesamt nahmen 30 Teilnehmer in 14 Fahrzeugen von klassischen Automobilen und aktuellen offenen Fahrzeugen teil. Gestartet wurde in Arnsbergs &#8222;Guter Stube&#8220; auf dem Alten Markt unterhalb des Glockenturms. Fahrtleiter Heinz Schulte-Hobein hatte eine landschaftlich reizvolle Strecke von 65 km L\u00e4nge um den Sorpesee, nach Mellen, \u00fcber Ainkhausen und Herdringen zur\u00fcck nach Arnsberg vorbereitet. Ziel und Siegerehrung war im Clublokal des AMC &hellip; <p class=\"link-more\"><a href=\"https:\/\/www.amc-arnsberg.de\/?p=6624\" class=\"more-link\"><span class=\"screen-reader-text\">\u201e01. Arnsberger Cabrio-Ausfahrt am 05.05.2013\u201c<\/span> weiterlesen<\/a><\/p><\/div><\/li>\n<li><a class=\"wp-block-latest-posts__post-title\" href=\"https:\/\/www.amc-arnsberg.de\/?p=723\">1. Arnsberger Cabrioausfahrt<\/a><div class=\"wp-block-latest-posts__post-excerpt\">Den Nachbericht findet Ihr unter &#8222;Sportliches&#8220;!<\/div><\/li>\n<li><a class=\"wp-block-latest-posts__post-title\" href=\"https:\/\/www.amc-arnsberg.de\/?p=546\">Sommer-Cabriofahrt entg\u00fcltig verschoben<\/a><div class=\"wp-block-latest-posts__post-excerpt\">Der AMC musste die Cabriofahrt am 22.07.12 auf Grund einer schlechten Wetterprognose endg\u00fcltig verschieben. Der neue Termin findet im Sp\u00e4tsommer der im Fr\u00fchjahr statt. Angemeldete Teilnehmer werden durch den AMC rechtzeitig informiert. &nbsp;<\/div><\/li>\n<li><a class=\"wp-block-latest-posts__post-title\" href=\"https:\/\/www.amc-arnsberg.de\/?p=530\">Sommer 2012!!! Sommeranfang-Cabrioausfahrt wird noch mal verschoben<\/a><div class=\"wp-block-latest-posts__post-excerpt\">Leider muss die f\u00fcr Sonntag, den 22.07.2012 geplante Cabrioausfahrt wegen einer sehr schlechten Wetterprognose ausfallen. Die sehr sch\u00f6ne Fahrt sollte Richtung Sorpesee, Affeln, Mellen gehen und die Siegerehrung war im Museumskaffee geplant. Der AMC hofft auf einen neuen Termin im hoffentlich sch\u00f6nen Sp\u00e4tsommer oder im n\u00e4chsten Fr\u00fchjahr. &nbsp;<\/div><\/li>\n<li><a class=\"wp-block-latest-posts__post-title\" href=\"https:\/\/www.amc-arnsberg.de\/?p=520\">Sommeranfang-Cabrioausfahrt wird verschoben<\/a><div class=\"wp-block-latest-posts__post-excerpt\">Die f\u00fcr den 24.06.2012 geplante Sommeranfang-Cabrioausfahrt des AMC wird auf Sonntag den 22.07.2012 verschoben. Start ist in Arnsbergs &#8222;Guter Stube&#8220; auf dem Alten Markt\u00c2\u00a0 um 13:00 Uhr. Startberechtigt sind aktuelle als auch klassische Cabrios. Das Startgeld je Fahrzeug betr\u00e4gt 10 \u00e2\u201a\u00ac. Die Fahrt ist sehr gut als Trainingsfahrt f\u00fcr die 20. Arnsberger ADAC Klassik am 01.09.2012 geeignet. Bei Nichterreichen der Mindestanmeldezahl von 12 Fahrzeugen bis zum 15.07.2012\u00c2\u00a0 beh\u00e4lt sich der &hellip; <p class=\"link-more\"><a href=\"https:\/\/www.amc-arnsberg.de\/?p=520\" class=\"more-link\"><span class=\"screen-reader-text\">\u201eSommeranfang-Cabrioausfahrt wird verschoben\u201c<\/span> weiterlesen<\/a><\/p><\/div><\/li>\n<\/ul>","protected":false},"excerpt":{"rendered":"","protected":false},"author":2,"featured_media":0,"parent":13,"menu_order":5,"comment_status":"closed","ping_status":"closed","template":"","meta":{"footnotes":""},"class_list":["post-789","page","type-page","status-publish","hentry"],"_links":{"self":[{"href":"https:\/\/www.amc-arnsberg.de\/index.php?rest_route=\/wp\/v2\/pages\/789","targetHints":{"allow":["GET"]}}],"collection":[{"href":"https:\/\/www.amc-arnsberg.de\/index.php?rest_route=\/wp\/v2\/pages"}],"about":[{"href":"https:\/\/www.amc-arnsberg.de\/index.php?rest_route=\/wp\/v2\/types\/page"}],"author":[{"embeddable":true,"href":"https:\/\/www.amc-arnsberg.de\/index.php?rest_route=\/wp\/v2\/users\/2"}],"replies":[{"embeddable":true,"href":"https:\/\/www.amc-arnsberg.de\/index.php?rest_route=%2Fwp%2Fv2%2Fcomments&post=789"}],"version-history":[{"count":16,"href":"https:\/\/www.amc-arnsberg.de\/index.php?rest_route=\/wp\/v2\/pages\/789\/revisions"}],"predecessor-version":[{"id":6632,"href":"https:\/\/www.amc-arnsberg.de\/index.php?rest_route=\/wp\/v2\/pages\/789\/revisions\/6632"}],"up":[{"embeddable":true,"href":"https:\/\/www.amc-arnsberg.de\/index.php?rest_route=\/wp\/v2\/pages\/13"}],"wp:attachment":[{"href":"https:\/\/www.amc-arnsberg.de\/index.php?rest_route=%2Fwp%2Fv2%2Fmedia&parent=789"}],"curies":[{"name":"wp","href":"https:\/\/api.w.org\/{rel}","templated":true}]}}